e prime factors of m.
2, 23
Let g(p) = p**3 + 5*p**2 - p - 2. Let r be g(-5). List the prime factors of (0 - 5)/((-3)/r).
5
Let l(o) be the third derivative of o**6/120 - 7*o**5/60 + 5*o**4/12 - 3*o**3/2 - 4*o**2. List the prime factors of l(6).
3, 5
What are the prime factors of ((-6)/1)/(1/(-9))?
2, 3
Suppose z - 92 = -z. Let x = z - 29. List the prime factors of x.
17
Let m = -14 + 8. Let k be -2 + -4*(-3)/m. Let g = k - -6. List the prime factors of g.
2
Let j(b) = 2*b**2 + 12*b - 12. Let y be j(-9). Let h = -24 + y. List the prime factors of h.
2, 3
Let q be (-2 - -10) + 1*2. Suppose -t - 3*z = -15, -q = -t - 5*z + 5. What are the prime factors of 34/5 + 3/t?
7
Suppose 5*g - 3*a = 4, 4*g + a - 6*a = 11. Let s = g - -4. What are the prime factors of s?
3
Suppose 0 = -2*o + 14 + 16. List the prime factors of o.
3, 5
Let q(v) = v**3 + 2*v**2 - v. Let r be q(1). List the prime factors of (1 + -7)/r*-2.
2, 3
Let v be (-1)/(-2) + 130/4. Suppose v = 2*a + a. What are the prime factors of a?
11
Suppose -5*z + 3*a + 7 + 108 = 0, -4*z = -a - 85. What are the prime factors of z?
2, 5
Let h(o) = -2*o**3 - 3*o**2 + 2. Let p be h(-2). Let d be ((-4)/p)/(1/(-156)). List the prime factors of (-2)/5 - d/(-10).
2, 5
Suppose -3*h + 3*k + 6 = 0, h + 19 = -3*k + 5. Let v(t) = 0*t - 3 - 6*t + t. List the prime factors of v(h).
7
What are the prime factors of ((-2)/(-2) - (-1950)/36)*6?
331
List the prime factors of 1074/30 - 8/10.
5, 7
Let b = 2 + 4. Suppose -4*v + b*v = 22. List the prime factors of v.
11
Suppose 0 = -3*z - 18 + 3. Let v = z + 10. What are the prime factors of v?
5
Suppose -3*i + 9 = 3*a, 2*a - i = -0*i + 12. Suppose -a*l + 52 = -f - 19, 0 = -l - 5*f + 9. What are the prime factors of l?
2, 7
Let u = -6 - -16. Suppose 0 = 3*b + 2*s - u, 5*s = 2*b + 3*s - 10. List the prime factors of b.
2
List the prime factors of 5/30 + 35/6.
2, 3
Suppose 6*d - 270 = -0*d. List the prime factors of d.
3, 5
Let s(f) = 3*f - 2*f - 3*f. Let k = -25 - -17. List the prime factors of s(k).
2
Suppose m - 187 = -2*c, -3*m - 19 + 552 = -c. What are the prime factors of m?
179
Suppose -5*w - 19 = -2*g, -2*g - g + 18 = -4*w. Suppose -4*y - 3*c + 60 = 0, -4*y - c + 28 = -g*y. List the prime factors of y.
2, 3
Let d be (-4)/18 - 40/(-18). Suppose 2*i + d*v = i + 16, 0 = -i + 4*v + 4. List the prime factors of i.
2, 3
Suppose 13 = 3*o - m - 25, 4*m + 20 = 0. List the prime factors of o.
11
Suppose 4*a = f - 37, -27 = 3*a - 5*f + 22. Let u = a - -16. List the prime factors of u.
2
Let j(q) = -q**2 - 8*q - 6. Let g be (-16)/(-10)*(-25)/(-10). Suppose 16 + 0 = -g*y. List the prime factors of j(y).
2, 5
Suppose 3*j - 18 = 4*i, 4*j - 16 = i - 5. Suppose 5*t = k + k + 10, j*k - 22 = -3*t. Suppose 0 = b - t - 8. List the prime factors of b.
2, 3
Let d = 216 - 148. What are the prime factors of d?
2, 17
Let b(p) = -2 + 4 + p - 3 + 2. What are the prime factors of b(2)?
3
Let k = 19 + -6. List the prime factors of k.
13
Suppose 5*x - 96 = 3*x - 3*z, 4*x - 212 = -z. Suppose -3*r + x = -0*r. List the prime factors of r.
2, 3
Suppose 182 = i - 25. What are the prime factors of i?
3, 23
Let n(v) = v**3 - 13*v**2 - 14*v + 16. Suppose 0 = -8*p + 4*p + 56. List the prime factors of n(p).
2
Let m(c) = c + 12. What are the prime factors of m(-9)?
3
Let b be (-2 - -1)*0/(-1). List the prime factors of (b - -1)*2 + 2.
2
Suppose -4*x = 3*l - 4*l - 9, 5*l - 3*x = 6. Suppose 2*b = -l*b + 10. What are the prime factors of b?
2
Suppose -4*f - 28 - 20 = -2*k, f = k - 23. What are the prime factors of k?
2, 11
Suppose l - 5*l = 0. Suppose 4 + 18 = 4*n + 5*h, l = 3*n + 2*h - 13. Suppose 7*v - 20 = n*v. What are the prime factors of v?
5
Suppose -6*v - 106 = -4*v. Let j = -25 - v. List the prime factors of j.
2, 7
Let y = 57 - 41. Suppose -4 = 3*p + 4*z, -2*z = 3*p - 4*z + y. Let r = 8 + p. List the prime factors of r.
2
Let p be 9/((-81)/6)*-21. Let n(v) be the first derivative of v**4/4 - 13*v**3/3 - 15*v**2/2 + 17*v + 2. List the prime factors of n(p).
3
Let b be -11*(-1 + (2 - -1)). Let v = b + 33. What are the prime factors of v?
11
Let z = 9 + -6. Suppose 3*f - 120 = -5*u, 3*u + 4*f - 72 = 2*f. Suppose z*s = -0*s + u. List the prime factors of s.
2
Let o = -6 + 10. Suppose 5*s - 3*s - 12 = -4*y, -y + 4*s - 15 = 0. Suppose o*d + 30 = 5*h, -5*d + y = -4*h + 16. List the prime factors of h.
2, 5
List the prime factors of -14*(0 + 3/(-2)).
3, 7
Suppose 3*m + p - 28 = 0, 3*m + 2*p = m + 20. Suppose b - m = 4*b. Let h = b + 8. List the prime factors of h.
5
Let b = 1 - 1. Let k = b - -6. List the prime factors of k.
2, 3
Suppose 2*a = -2 + 64. List the prime factors of a.
31
Suppose 5*g - 2*t = 39, -4*g - g - 4*t + 27 = 0. Suppose s = g + 10. List the prime factors of s.
17
Let q be (1 + (-3)/5)*-15. Let c = q - -10. What are the prime factors of c?
2
Suppose w = -3*d - 6 - 19, 0 = 3*d - 3*w + 9. Let a(t) = t**3 + 7*t**2 - t + 6. What are the prime factors of a(d)?
13
Let i = 27 + -11. What are the prime factors of (16 - i) + 3*3?
3
Suppose 3*a + 0 = -18. Let q be 9/a + (-19)/2. List the prime factors of q/(-3) + 1/3.
2
Let i be 5*(0 + (-16)/(-20)). Suppose 0 = -4*g + l - 6*l + 101, -i*g + 4*l + 92 = 0. List the prime factors of g.
2, 3
Suppose 4*y - 5*v = 47, -3*y + v + 13 = -2*y. List the prime factors of y.
2, 3
Let a(m) = 5*m**3 - 8*m**2 + 3. Let h(k) = -4*k**3 + 7*k**2 - 2. Let v(n) = 3*a(n) + 4*h(n). Let w be v(3). What are the prime factors of (-2)/(2 + w/(-4))?
2
Let o(c) = c + 22. Let s be 3/1*(-8)/3. What are the prime factors of o(s)?
2, 7
Suppose 2*k = 17 + 73. List the prime factors of k.
3, 5
Let p be -3 - (0 - (1 - 5)). List the prime factors of -1 - (-4 - p - 30).
2, 13
Let b(w) = -2*w**3 - 5*w**2 - 4*w - 13. List the prime factors of b(-6).
263
Suppose -185 = o - h, 3*o = o + 4*h - 360. What are the prime factors of (o/25)/((-4)/10)?
19
Let k be (0 - 2) + 15 + 1. Suppose 5*a - 6 = k. Suppose -a*h + 37 = 1. What are the prime factors of h?
3
List the prime factors of (-3)/7 + 730/70.
2, 5
Suppose -8 = -3*f - f. Suppose -5*s = -v + f - 14, 4*v - 67 = -3*s. What are the prime factors of v?
13
Let v = -12 + 32. Let m = -14 + v. What are the prime factors of m?
2, 3
Suppose 0 = v - y + 12, 2*v - 4*v = -3*y + 26. Suppose 16 - 1 = k. Let c = k + v. What are the prime factors of c?
5
Suppose -g + 0*g = -27. List the prime factors of g.
3
Let v(i) = 3*i**2 - i - 2. List the prime factors of v(2).
2
Let u be 3*(2 - (-2)/6). Let l = 5 - u. What are the prime factors of (1*-7 - -1)/l?
3
Let o(q) = 24*q + 1. Let h(d) = -24*d. Let v(y) = -4*h(y) - 3*o(y). Let s be v(2). Suppose 6*f = f + s. List the prime factors of f.
3
Let y(v) = v + 7. Let c be y(-6). Let l(q) = -q - 6*q + 0 + c. What are the prime factors of l(-1)?
2
Let v = 1 - -1. Let c = v - -2. Suppose 0 = -2*a + 2*m - m + 7, -a + c*m = 0. List the prime factors of a.
2
Let c(f) be the first derivative of f**3/3 + f**2 + 4*f - 3. List the prime factors of c(-5).
19
Let k be (-10)/8 + (-18)/24. Let r(x) = 7*x**2 - 3*x**3 + 3*x + 4*x**3 - x**2. What are the prime factors of r(k)?
2, 5
Let r(p) = 6*p - 8. List the prime factors of r(2).
2
Let v = -3 + 6. Suppose i + q + 2 = v, -3*i - 4*q - 1 = 0. Suppose -16 = -i*z + 4. List the prime factors of z.
2
Suppose c - 189 = -4*l, 5*c = 5*l + c - 252. List the prime factors of l.
2, 3
Suppose 4*s + x - 3*x - 234 = 0, 2*s + 3*x = 137. List the prime factors of s.
61
List the prime factors of 192/9 - (-6)/(-18).
3, 7
Suppose v + 3*v - 60 = 0. What are the prime factors of v?
3, 5
Let n = -270 + 387. List the prime factors of n.
3, 13
Let v = 7 - 3. Suppose 6*r = v*r - 2. Let j(z) = -14*z**3 + z**2 - z - 1. List the prime factors of j(r).
3, 5
Let h = -14 - -17. Suppose -v + 8 = h*v. What are the prime factors of v?
2
Let y(d) = d**2 - d - 3. Let v be y(3). Let p(i) be the second derivative of i**5/20 - i**4/6 + i**3/3 - 2*i**2 - 19*i. List the prime factors of p(v).
11
Suppose 4*p + 380 = 4*y - 0*p, -4*y - 2*p = -404. Suppose 5*x - 3*i - y = 79, 2*x = 3*i + 73. What are the prime factors of x?
5, 7
Suppose 2*t = -j - 4*j + 55, 3*j = -t + 29. List the prime factors of t.
2, 5
Let x be (4/6)/((-7)/(-84)). Let i be 10/8*(x - 4). Suppose -5 = -p + i. List the prime factors of p.
2, 5
Let k = -23 - -1